e?
False
Is 173643 prime?
False
Is 2911567 a composite number?
True
Is 1531 a composite number?
False
Is 664441 composite?
False
Is 34345 a composite number?
True
Is 36251 a composite number?
False
Is 156473 prime?
False
Is 40087 a prime number?
True
Is 163061 prime?
True
Is 408533 a prime number?
True
Is 98671 prime?
False
Is 4861 a composite number?
False
Is 76595 composite?
True
Is 135843 a prime number?
False
Is 5155 composite?
True
Is 23513 a composite number?
True
Is 228173 composite?
True
Is 7369 a prime number?
True
Is 238759 a prime number?
True
Is 165311 a composite number?
False
Is 797871 prime?
False
Is 357377 a prime number?
True
Is 613087 a composite number?
True
Is 68813 a composite number?
False
Is 557917 a composite number?
True
Is 1432759 composite?
True
Is 209207 a prime number?
False
Is 24281 a composite number?
False
Is 37033 prime?
False
Is 4757 a composite number?
True
Is 185893 prime?
True
Is 23117 prime?
True
Is 341449 prime?
False
Is 401111 a composite number?
True
Is 858729 a composite number?
True
Is 5981 a prime number?
True
Is 129581 composite?
False
Is 29383 prime?
True
Is 279541 prime?
True
Is 265961 a prime number?
True
Is 1585897 prime?
True
Is 5959 a composite number?
True
Is 23147 prime?
False
Is 3221 composite?
False
Is 70869 a composite number?
True
Is 3713 a composite number?
True
Is 92711 a prime number?
False
Is 2074007 a prime number?
False
Is 57515 prime?
False
Is 13537 composite?
False
Is 349589 a composite number?
False
Is 99017 a prime number?
True
Is 58183 a prime number?
False
Is 346339 composite?
True
Is 42547 a composite number?
True
Is 6163 composite?
False
Is 290201 a composite number?
False
Is 13901 prime?
True
Is 5147 prime?
True
Is 3220351 a composite number?
False
Is 21281 composite?
True
Is 73771 a composite number?
False
Is 571855 a composite number?
True
Is 29117 composite?
True
Is 40141 composite?
True
Is 15233 a composite number?
False
Is 1381945 a prime number?
False
Is 13019 a composite number?
True
Is 3989 composite?
False
Is 885367 prime?
False
Is 109119 a composite number?
True
Is 451043 a prime number?
False
Is 39427 composite?
True
Is 256279 prime?
True
Is 3974 a prime number?
False
Is 18805 a prime number?
False
Is 1054903 composite?
False
Is 31481 a prime number?
True
Is 56647 composite?
True
Is 39535 a composite number?
True
Is 256501 a prime number?
False
Is 277247 composite?
False
Is 490719 prime?
False
Is 563315 a composite number?
True
Is 20981 prime?
True
Is 75749 a composite number?
True
Is 201193 prime?
True
Is 3543 composite?
True
Is 23399 a prime number?
True
Is 483643 a prime number?
True
Is 45647 composite?
True
Is 63193 prime?
False
Is 928201 a composite number?
True
Is 39097 a prime number?
True
Is 87449 a prime number?
False
Is 79609 composite?
False
Is 424451 a prime number?
True
Is 1072919 a prime number?
True
Is 65027 prime?
True
Is 99461 composite?
True
Is 3687 a composite number?
True
Is 31793 a prime number?
True
Is 30701 prime?
False
Is 32477 composite?
True
Is 70051 composite?
False
Is 14351 a prime number?
False
Is 1479839 a prime number?
True
Is 1728349 a composite number?
True
Is 47543 a prime number?
True
Is 6559 prime?
False
Is 743761 composite?
True
Is 377 prime?
False
Is 95143 a composite number?
False
Is 479 a prime number?
True
Is 3989 composite?
False
Is 6131 composite?
False
Is 166955 prime?
False
Is 32353 prime?
True
Is 2707 a prime number?
True
Is 1481 a composite number?
False
Is 5227 composite?
False
Is 2432777 a prime number?
False
Is 4652117 composite?
False
Is 474013 prime?
False
Is 305209 a composite number?
False
Is 247523 a prime number?
False
Is 3403 a composite number?
True
Is 1763 a prime number?
False
Is 28463 a prime number?
True
Is 1292303 a prime number?
False
Is 28727 prime?
False
Is 4777 prime?
False
Is 153313 a composite number?
False
Is 33463 a composite number?
True
Is 28907 a prime number?
False
Is 11659 a composite number?
True
Is 86263 prime?
True
Is 104162 a prime number?
False
Is 199 prime?
True
Is 469303 a prime number?
True
Is 336883 composite?
True
Is 180879 prime?
False
Is 12955 prime?
False
Is 766 a composite number?
True
Is 31469 prime?
True
Is 69985 prime?
False
Is 353293 a composite number?
False
Is 59833 a composite number?
False
Is 5433647 a composite number?
False
Is 15401 prime?
True
Is 6883 a composite number?
False
Is 25337 a composite number?
True
Is 7357 prime?
False
Is 5114 a prime number?
False
Is 63521 prime?
True
Is 3193 composite?
True
Is 489 a prime number?
False
Is 5729 prime?
False
Is 80426 a prime number?
False
Is 74581 composite?
True
Is 27403 prime?
False
Is 101191 composite?
True
Is 1442453 prime?
True
Is 51031 a prime number?
True
Is 943001 prime?
False
Is 245302 composite?
True
Is 16753 a prime number?
False
Is 169 a composite number?
True
Is 39313 a prime number?
True
Is 5987 prime?
True
Is 152147 a prime number?
True
Is 2437 composite?
False
Is 85394 a composite number?
True
Is 63663 prime?
False
Is 943763 a prime number?
True
Is 20663 prime?
True
Is 289 a composite number?
True
Is 61309 prime?
False
Is 108127 composite?
False
Is 8861 a composite number?
False
Is 13295 a composite number?
True
Is 20173 composite?
False
Is 231383 prime?
False
Is 1477 composite?
True
Is 100907 a prime number?
True
Is 175127 prime?
False
Is 17341 composite?
False
Is 2669 prime?
False
Is 9853 a composite number?
True
Is 10427 a composite number?
False
Is 1257163 a composite number?
False
Is 72997 composite?
False
Is 39971 a composite number?
False
Is 46303 a prime number?
False
Is 621521 composite?
False
Is 73789 a prime number?
False
Is 11369 composite?
False
Is 89743 prime?
False
Is 105943 a composite number?
False
Is 146554 prime?
False
Is 378022 prime?
False
Is 7377 a composite number?
True
Is 16817 prime?
False
Is 292909 a prime number?
True
Is 25091 a prime number?
False
Is 45233 prime?
True
Is 50989 composite?
False
Is 377 prime?
False
Is 77143 composite?
True
Is 4661 prime?
False
Is 164659 composite?
True
Is 42557 a composite number?
False
Is 320561 composite?
False
Is 112231 a composite number?
True
Is 1894577 prime?
True
Is 34393 composite?
True
Is 134741 prime?
True
Is 605977 a composite number?
False
Is 30691 composite?
True
Is 12343 composite?
False
Is 4409 a composite number?
False
Is 43243 composite?
True
Is 167711 composite?
False
Is 5077 prime?
True
Is 42953 a composite number?
False
Is 423571 a prime number?
False
Is 744113 a prime number?
True
Is 96779 prime?
True
Is 5099 prime?
True
Is 2444401 a composite number?
False
Is 637067 prime?
True
Is 38 a composite number?
True
Is 9692549 composite?
False
Is 1072103 a prime number?
True
Is 3290411 a composite number?
False
Is 105409 prime?
False
Is 6599 composite?
False
Is 18182 composite?
True
Is 99949 a prime number?
False
Is 63303 prime?
False
Is 1179289 composite?
False
Is 12011 a prime number?
True
Is 20681 prime?
True
Is 38863 composite?
True
Is 574091 prime?
False
Is 7613 a composite number?
True
Is 972779 a prime number?
False
Is 2459 composite?
False
Is 1072967 a composite number?
True
Is 6689 prime?
True
Is 143285 composite?
True
Is 10294 a prime number?
False
Is 53147 composite?
False
Is 218783 prime?
True
Is 3511 prime?
True
Is 18851 prime?
False
Is 30581 prime?
False
Is 43291 prime?
True
Is 539353 a composite number?
True
Is 170383 a composite number?
False
Is 11083 prime?
True
Is 68767 a prime number?
True
Is 73453 composite?
False
Is 8633 a composite number?
True
Is 25013 prime?
True
Is 238054 a composite number?
True
Is 27791 a prime number?
True
Is 2899 a prime number?
False
Is 39687 a composite number?
True
Is 12871 prime?
False
Is 8899 prime?
False
Is 23417 composite?
False
Is 216526 a composite number?
True
Is 15053 prime?
True
Is 15595 prime?
False
Is 2183 composite?
True
Is 60463 a prime number?
False
Is 10627 composite?
False
Is 420191 a composite number?
False
Is 160187 a composite number?
True
Is 5445857 composite?
False
Is 78121 a composite number?
False
Is 1721 prime?
True
Is 5753 composite?
True
Is 35387 a prime number?
False
Is 303983 a prime number?
True
Is 719437 composite?
True
Is 1213195 a composite number?
True
Is 401611 composite?
True
Is 226873 prime?
False
Is 451 a prime number?
False
Is 36903 prime?